 77875 is divided by 130.
5
Calculate the remainder when 1157869 is divided by 143.
141
Calculate the remainder when 167351 is divided by 19.
18
What is the remainder when 6746 is divided by 1670?
66
Calculate the remainder when 2978 is divided by 801.
575
Calculate the remainder when 19233 is divided by 815.
488
Calculate the remainder when 34508 is divided by 406.
404
What is the remainder when 671 is divided by 652?
19
Calculate the remainder when 9491 is divided by 263.
23
Calculate the remainder when 10408 is divided by 386.
372
What is the remainder when 3852 is divided by 3735?
117
Calculate the remainder when 775732 is divided by 28.
20
Calculate the remainder when 2074 is divided by 473.
182
What is the remainder when 1657 is divided by 808?
41
Calculate the remainder when 5577 is divided by 2770.
37
What is the remainder when 65795 is divided by 10?
5
What is the remainder when 18694 is divided by 788?
570
What is the remainder when 22414 is divided by 22?
18
What is the remainder when 1719695 is divided by 44?
43
Calculate the remainder when 2074 is divided by 34.
0
Calculate the remainder when 11360 is divided by 7.
6
What is the remainder when 92084 is divided by 8?
4
What is the remainder when 134270 is divided by 191?
188
What is the remainder when 69978 is divided by 261?
30
What is the remainder when 10886 is divided by 110?
106
Calculate the remainder when 3272 is divided by 1622.
28
Calculate the remainder when 812 is divided by 133.
14
Calculate the remainder when 3863 is divided by 1249.
116
What is the remainder when 111955 is divided by 28?
11
Calculate the remainder when 4724 is divided by 1181.
0
Calculate the remainder when 675737 is divided by 92.
89
What is the remainder when 10322 is divided by 3357?
251
What is the remainder when 70732 is divided by 13?
12
What is the remainder when 897566 is divided by 59?
58
Calculate the remainder when 281580 is divided by 159.
150
What is the remainder when 89742 is divided by 33?
15
What is the remainder when 5402 is divided by 507?
332
Calculate the remainder when 38818 is divided by 9693.
46
What is the remainder when 12818 is divided by 290?
58
What is the remainder when 111549 is divided by 3718?
9
What is the remainder when 273853 is divided by 251?
12
Calculate the remainder when 1864849 is divided by 313.
308
Calculate the remainder when 3955 is divided by 1169.
448
What is the remainder when 100961 is divided by 86?
83
What is the remainder when 36332 is divided by 11?
10
Calculate the remainder when 607 is divided by 188.
43
What is the remainder when 6676 is divided by 3264?
148
Calculate the remainder when 1915090 is divided by 32.
18
Calculate the remainder when 51048 is divided by 71.
70
Calculate the remainder when 254725 is divided by 179.
8
What is the remainder when 2393 is divided by 40?
33
Calculate the remainder when 60585 is divided by 10090.
45
What is the remainder when 21346 is divided by 107?
53
Calculate the remainder when 19435 is divided by 2159.
4
Calculate the remainder when 14612 is divided by 159.
143
What is the remainder when 124407 is divided by 83?
73
What is the remainder when 1920 is divided by 215?
200
Calculate the remainder when 1129 is divided by 54.
49
Calculate the remainder when 79084 is divided by 19732.
156
What is the remainder when 7174 is divided by 34?
0
Calculate the remainder when 50486 is divided by 495.
491
What is the remainder when 32412 is divided by 12?
0
Calculate the remainder when 51251 is divided by 1385.
6
Calculate the remainder when 1914 is divided by 61.
23
Calculate the remainder when 15202 is divided by 870.
412
Calculate the remainder when 16562 is divided by 2365.
7
What is the remainder when 996 is divided by 950?
46
What is the remainder when 2561 is divided by 401?
155
Calculate the remainder when 5914 is divided by 2926.
62
Calculate the remainder when 2868 is divided by 408.
12
What is the remainder when 4486 is divided by 1032?
358
What is the remainder when 24098 is divided by 196?
186
Calculate the remainder when 1976 is divided by 221.
208
What is the remainder when 32596 is divided by 347?
325
What is the remainder when 50968 is divided by 1159?
1131
Calculate the remainder when 6535 is divided by 1548.
343
Calculate the remainder when 41202 is divided by 8174.
332
What is the remainder when 37078 is divided by 2180?
18
What is the remainder when 446050 is divided by 15930?
10
What is the remainder when 30746 is divided by 603?
596
Calculate the remainder when 358493 is divided by 149.
148
Calculate the remainder when 3011 is divided by 338.
307
What is the remainder when 439493 is divided by 60?
53
What is the remainder when 18528 is divided by 189?
6
Calculate the remainder when 36739 is divided by 9099.
343
Calculate the remainder when 145816 is divided by 230.
226
Calculate the remainder when 15440 is divided by 14.
12
Calculate the remainder when 379172 is divided by 75833.
7
Calculate the remainder when 24717 is divided by 136.
101
What is the remainder when 9127 is divided by 54?
1
Calculate the remainder when 456881 is divided by 34.
23
What is the remainder when 14712 is divided by 475?
462
What is the remainder when 207267 is divided by 15943?
8
Calculate the remainder when 8130 is divided by 57.
36
Calculate the remainder when 85156 is divided by 709.
76
Calculate the remainder when 8622 is divided by 7488.
1134
Calculate the remainder when 17457 is divided by 2904.
33
Calculate the remainder when 1048558 is divided by 120.
118
What is the remainder when 1171 is divided by 1080?
91
What is the remainder when 3387 is divided by 35?
27
What is the remainder when 96501 is divided by 7423?
2
Calculate the remainder when 13958 is divided by 43.
26
What is the remainder when 1704348 is divided by 241?
237
Calculate the remainder when 10521 is divided by 209.
71
What is the remainder when 16047 is divided by 50?
47
Calculate the remainder when 32089 is divided by 30.
19
What is the remainder when 4831 is divided by 402?
7
Calculate the remainder when 2839 is divided by 1017.
805
What is the remainder when 1987785 is divided by 111?
108
Calculate the remainder when 68332 is divided by 31.
8
Calculate the remainder when 2581 is divided by 159.
37
Calculate the remainder when 3809 is divided by 98.
85
What is the remainder when 280560 is divided by 109?
103
Calculate the remainder when 861 is divided by 194.
85
Calculate the remainder when 218086 is divided by 300.
286
What is the remainder when 3001 is divided by 55?
31
Calculate the remainder when 3874 is divided by 32.
2
What is the remainder when 17937 is divided by 138?
135
What is the remainder when 50712 is divided by 25355?
2
What is the remainder when 396554 is divided by 183?
176
What is the remainder when 1689112 is divided by 499?
496
Calculate the remainder when 40495 is divided by 653.
9
Calculate the remainder when 101302 is divided by 12.
10
Calculate the remainder when 505939 is divided by 205.
204
What is the remainder when 3048 is divided by 293?
118
Calculate the remainder when 10833 is divided by 5414.
5
Calculate the remainder when 59412 is divided by 11.
1
What is the remainder when 259562 is divided by 191?
184
What is the remainder when 1853 is divided by 58?
55
Calculate the remainder when 8090 is divided by 129.
92
What is the remainder when 93224 is divided by 11647?
48
Calculate the remainder when 4649 is divided by 203.
183
What is the remainder when 13665 is divided by 94?
35
What is the remainder when 102341 is divided by 102316?
25
What is the remainder when 121504 is divided by 157?
143
What is the remainder when 166740 is divided by 83370?
0
Calculate the remainder when 550083 is divided by 17.
14
Calculate the remainder when 6092 is divided by 53.
50
What is the remainder when 26594 is divided by 93?
89
What is the remainder when 8268 is divided by 34?
6
Calculate the remainder when 1261 is divided by 315.
1
What is the remainder when 56722 is divided by 378?
22
Calculate the remainder when 22340 is divided by 7441.
17
What is the remainder when 162537 is divided by 716?
5
What is the remainder when 228464 is divided by 22845?
14
Calculate the remainder when 632 is divided by 321.
311
What is the remainde